Suppose -50 = -5*u + 40. Let c be (6 + (-92)/16)*20 + -3. Let x(r) = -1 + u - 29 + c*r. What is x(8)?
4
Let l(o) = 7976 - 31*o + 9*o - 8051 - 18*o. Give l(-2).
5
Let o(r) = 11*r**2 + 4082*r + 364. Let g be o(-371). Let l(m) = 2*m - 4*m - 2*m. Let j(h) = h + 1. Let x(d) = -2*j(d) - l(d). What is x(g)?
-16
Let u(k) = 51*k + 44. Let p be u(3). Let j = p - 195. Let g(z) = -2*z**2 - 3*z + 5. What is g(j)?
-9
Let w(p) be the second derivative of 7*p**5/20 - 49*p**4/12 - p**3/3 + 9*p**2 - 3*p - 76. Give w(7).
4
Let o(g) = -g**3 + 9*g**2 - 12*g - 6. Let p = 12026 - 12018. What is o(p)?
-38
Let y be -15 - (7 + -4) - (-6 + 0). Let l(u) = u**3 + u. Let j(w) = 6*w**3 + 13*w**2 + 16*w - 17. Let p(h) = -j(h) + 5*l(h). Give p(y).
5
Let b be 1*((-2)/5 - 416/(-65)). Let t(d) = -5 - d**2 + 2*d**2 - 8 + b*d + 4*d. Let l be t(-11). Let r(v) = -4*v + 2. Calculate r(l).
10
Let q(w) = w - 8. Let i = 56 + -57. Let z be (i - -1)*4/(-8). Let m be z - 4 - (-2 + -2). What is q(m)?
-8
Let u(q) = -q**3 - 11*q**2 - 6*q - 11. Let a = 426 - 423. Let o be ((-26)/(1248/(-180)))/(a/(-8)). What is u(o)?
-51
Suppose -58 = 2*s - 5*p, 2*s - 13 = -2*p - 43. Let m(b) = -2*b**2 - 37*b + 20. Give m(s).
1
Let g be ((-444)/18)/(22/(-33)). Suppose 0 = -13*c + g - 11. Let f(d) = -5*d + 2 - 6*d**2 + 2*d + 4*d. What is f(c)?
-20
Let a(b) = -9*b**3 + 5*b**2 + 16*b - 7. Let o = 268 - 275. Let t(i) = 5*i**3 - 3*i**2 - 9*i + 4. Let h(d) = o*t(d) - 4*a(d). Determine h(0).
0
Let m = 781 + -775. Let w(p) = 11*p - 60. Give w(m).
6
Let z = 105 + -120. Let o = -26 - z. Let j(h) = h**3 + 12*h**2 + 10*h. Give j(o).
11
Let s(y) = 5*y - 35. Suppose 13 = -21*f + 167 - 28. What is s(f)?
-5
Let q(v) = v**3 + 7*v**2 - 10*v - 10. Let a = -41 - -33. What is q(a)?
6
Let v(d) = 3 + 2*d + 5*d - d. Let x(k) = -k**3 + 12*k**2 - 21*k - 11. Let m be x(9). Suppose m*t + 64 = -108. Give v(t).
-21
Let w(o) = 2*o**2 - 94*o. Let l be w(49). Let y(z) = z**3 - 4*z**2 - 7*z. Let d be y(8). Let b(x) = -1 - 1 + l*x - d*x. Calculate b(-2).
6
Suppose 2*h = -4*y - 32, 14 + 0 = -5*y + 4*h. Let o(i) = i**3 + 5*i**2 - 4*i - 3. Determine o(y).
-15
Let z(x) = -2*x**3 - 25*x**2 - 32*x + 8. Let u be z(-11). Let b(f) = 4*f**2 + f - 4. Let n(q) = -3*q**2 + 2*q + 3. Let r(v) = u*n(v) - 2*b(v). Determine r(8).
-1
Let z(h) = 19*h**2 - 134*h - 10. Let d(t) = -9*t**2 + 80*t + 5. Let j(k) = 5*d(k) + 3*z(k). Give j(-1).
9
Let y be (-2)/(-11) - 1240/(-440). Let u(q) = 63*q**3 - 130*q**3 + 0 + 2 - 7*q**2 + 68*q**y. Let i = -5 + 12. What is u(i)?
2
Suppose -2*j - 156 = -150. Let t(x) be the first derivative of x**5/120 - x**4/12 - 7*x**3/3 + 3. Let v(y) be the third derivative of t(y). Determine v(j).
-5
Suppose 6 = 3*d + 3*n, -3*d + 3*n = -d - 9. Suppose 4*y - 284 = d*x + 359, -800 = -5*y + 3*x. Let j(r) = y - 5*r - r**2 + 2*r**2 - 152. Determine j(5).
5
Let d(s) be the second derivative of -s**5/20 - 3*s**4/4 - 11*s**3/6 + 4*s**2 - 1602*s. What is d(-7)?
-13
Let l(y) = -y**2 + 15*y + 46. Let i = 679 - 662. Determine l(i).
12
Let g(w) = -7*w - 57. Let c(r) = -r**2 - 324*r - 1602. Let y be c(-5). Give g(y).
-8
Let o be 6/90*3309 + 4/10. Suppose -7*a + o = 802. Let t = a - -89. Let b(j) = -2*j + 3. Determine b(t).
-9
Let k(w) = w**2 - 9*w - 8. Let d = -200 + 205. Suppose -s + 5*v = -20, 8*s - 3*s - 60 = d*v. What is k(s)?
2
Let z(c) be the second derivative of c**5/20 + 3*c**4/4 - 2*c**3 - 10*c**2 - 9*c - 3. Let w be z(-10). Let a(d) = d**2 + 18. Determine a(w).
18
Let t(x) = x**2 + 11*x + 2. Let c(r) = 2*r**2 + 21*r + 5. Suppose 0 = 5*g + 59 + 76. Let h be 6/g + 104/(-18). Let k(b) = h*c(b) + 11*t(b). Give k(-6).
-14
Suppose -9*g + 7*g = -2*n - 16, 3*g - 18 = n. Let c(f) = 3 + 5 + 0 - 5 + 3*f**2 - f. Determine c(n).
33
Let j(f) = -499*f**2 + 143*f - 350. Let g(r) = -312*r**2 + 95*r - 233. Let u(z) = 8*g(z) - 5*j(z). Determine u(42).
12
Let c(u) = -951*u - 4*u**3 - 1 + 1899*u + 3*u**2 - 949*u + 2*u**3. Determine c(1).
-1
Let b(s) = s**2 + 2*s + 5. Let f(z) = 4*z**2 + 8*z + 18. Let l(o) = -21*b(o) + 6*f(o). Calculate l(-6).
75
Let w(u) = 3*u - 18. Let k(r) = 7*r - 40. Let n(t) = 4*k(t) - 9*w(t). What is n(-4)?
-2
Let x be 0/((-2)/(-2) + 1). Let f(a) = a**2 - 1 + 6*a**3 + 0*a**3 + x*a**3. Suppose -3*d = 18, -3*m - 207*d = -206*d + 3. What is f(m)?
6
Let t(k) = -2 - 16*k + 33*k**2 - 35*k**2 - 4 - 4147*k**3 + 4148*k**3. What is t(-3)?
-3
Let l(y) be the first derivative of -6 + 1/3*y**3 + 5/2*y**2 + 2*y. Let c = 22 + -28. Calculate l(c).
8
Let m(v) be the second derivative of v**4/12 + v**3/2 + v**2/2 - v. Let a(g) = g**2 + 15*g - 20. Let c be a(-17). Suppose -c*i = -5*i + 18. Determine m(i).
-1
Let c(v) = -v + 9. Let z = -49 - -72. Suppose -3*p + z = -w - 0, 10 = p + 2*w. Suppose -4*n - p = -0*n, 4*n + 3 = -s. Determine c(s).
4
Let c(s) = 37*s**2 + 3*s - 2. Let z be (21 - (-1352)/(-65))/((-1)/(-5)). What is c(z)?
38
Let v(r) = 8*r**2 + 3*r - 2. Suppose -4*s = -2*g, 4*s + 24 = -10*g + 8*g. Determine v(s).
61
Let a(u) be the second derivative of -u**7/420 - u**6/180 + u**5/40 + u**4/12 - 103*u**3/6 + 3*u + 17. Let b(q) be the second derivative of a(q). What is b(-3)?
29
Let a be (-4)/14*-3*42. Suppose d - 43 = -a. Let k(u) = -2*u + 3. What is k(d)?
-11
Suppose 2*s = 3*g + 7, 5*s - 7 - 3 = 5*g. Let x be 9/6 - (s - 2/(-4)). Let z be (-21)/14 + (x - (-33)/6). Let k(j) = -j**3 + 5*j**2 + 5*j. What is k(z)?
-6
Let f(x) = 3*x**2 - 15*x - 17. Suppose -266 = -29*d - d - 8*d. Give f(d).
25
Let m(h) = h**3 + 4*h**2 + 5. Let y = 209 - 205. Suppose y*a + 16 = -2*u, 2*a + 12 = -a + u. Calculate m(a).
5
Let m(v) = -5*v - 16. Let f(k) = 4*k + 11. Let t(a) = -3*f(a) - 2*m(a). Determine t(-2).
3
Let t(n) = -n**3 + 5*n**2 - n + 1. Let p(h) = 6*h**3 + 2*h**2 - 6*h + 4. Let r be p(1). Suppose -r*a + 75 = 9*a. Calculate t(a).
-4
Let d = -5019 - -5032. Let n(y) = y**3 - 14*y**2 + 14*y - 16. What is n(d)?
-3
Let z(j) = -7*j**3 + 3*j**2 - j. Suppose 2*k - 8*k = -6. Let n be z(k). Let q(a) = -3*a. Give q(n).
15
Let y(n) = 2*n - 9. Let s(j) = 2*j - 8. Let a(z) = 5*s(z) - 4*y(z). Let d(c) = -6*c - 5 + c**3 + 13*c - 10*c + 3*c**2. Let o be d(-3). What is a(o)?
4
Let s(k) = -11*k**3 + 8*k**2 + 4*k + 21. Let h(l) = 24*l**3 - 19*l**2 - 9*l - 44. Let g(p) = 5*h(p) + 11*s(p). Give g(-5).
-34
Let b(h) be the first derivative of h**2 - 11 - 24*h + 1/3*h**3. Let d be b(-6). Let z(n) = -n**2 + 6. Give z(d).
6
Let j(r) = -r**2 + 2. Let s be j(0). Let t(q) = -2 + 6 + s*q + 0. Let w(z) = -7838*z - 54872. Let c be w(-7). Determine t(c).
-8
Let j(m) be the third derivative of m**6/120 + 19*m**5/60 - 7*m**4/8 - 9*m**3/2 - 3*m**2 + 2*m + 102. Determine j(-20).
-7
Let q(r) = r**3 + r**2 - 22. Let i(p) be the first derivative of 0*p - 11/3*p**3 + 1/2*p**4 - 3*p**2 - 5. Let o be i(6). What is q(o)?
-22
Let d(b) = -61*b**3 + 2*b**2 - b - 2. Let x be 2*(15 - 465/30). What is d(x)?
62
Let q(u) = -215 - 8*u + 7*u + 7*u + 203 - 2*u. Determine q(0).
-12
Let a(x) be the third derivative of x**6/120 - x**5/10 - x**4/24 + 19*x**3/6 + 1538*x**2. Give a(6).
13
Let a(n) = 6*n**3 + 2*n - 4. Let m(i) = -8*i**3 - 4*i + 9. Let q(o) = 15*a(o) + 6*m(o). Determine q(1).
42
Let s(o) = 8*o + 196. Suppose -5661*i + 837 = -5692*i. What is s(i)?
-20
Let k(y) be the first derivative of -23*y**2/2 - 7*y - 2249. What is k(3)?
-76
Let t(z) = z**2 - 12*z + 33. Let c be t(12). Suppose -35*s = -c*s + 2. Let b(l) = 0 - l + 14*l**2 - 1 - 12*l**2 + 0. What is b(s)?
2
Let p be (825/660)/((-9)/(-8) - 1). Let l(f) = f**3 - 9*f**2 - 7*f - 6. Determine l(p).
24
Let z(l) = 2*l**2 - 5*l. Let p(v) = 9*v**2 - 3*v - 14. Let g(u) = -p(u) + 3*z(u). Calculate g(-6).
-22
Let h be 1/(-4 + (-42)/(-10)) - 15. Let c(u) = 26*u**2 + 17*u**2 + 21*u**2 - 63*u**2 + 11*u. What is c(h)?
-10
Let j(d) be the second derivative of -d**6/180 - d**5/40 - 41*d**4/6 + 176*d. Let m(s) be the third derivative of j(s). Give m(-2).
5
Let o(d) = -57*d + 28. Let k(q) = -9*q + 3. Let g(j) = -14*k(j) + 2*o(j). Calculate g(8).
110
Let a(c) = -11*c + 87. Let x(z) = 6*z - 52. Let y(d) = -3*a(d) - 5*x(d). Let m = 85 + -10. Let k be 3/(-4) - m/60. Determine y(k).
-7
Let p(k) = 2*k + 16. Let h be p(-6). Let i be (105 + -5)/(h/2). Let y be (i/20)/((-10)/(-8)). Let d(s) = -7*s + 1. Give d(y).
-13
Let i be (-9)/((-144)/(-32)) + (20 - -3). Let r(j) = -j**2 + 22*j - 47. What is r(i